{"id":47,"date":"2014-10-25T20:52:17","date_gmt":"2014-10-25T18:52:17","guid":{"rendered":"http:\/\/mail03.0lim.net\/wordpress\/?page_id=47"},"modified":"2025-09-05T13:38:48","modified_gmt":"2025-09-05T11:38:48","slug":"lamap","status":"publish","type":"page","link":"https:\/\/www.amapathismons.fr\/?page_id=47","title":{"rendered":"L&rsquo;association"},"content":{"rendered":"<p style=\"line-height: 100%; text-indent: 0pt; text-align: justify; margin: 0pt;\" align=\"justify\"><span dir=\"LTR\" style=\"font-family: Arial; font-size: 12pt; vertical-align: baseline; font-weight: bold; color: #000000; text-shadow: none; background: none;\"><b>Les AMAP<\/b><\/span><\/p>\n<p style=\"line-height: 100%; text-indent: 0pt; text-align: justify; margin: 0pt;\" align=\"justify\"><span dir=\"LTR\" style=\"font-family: Arial; font-size: 12pt; vertical-align: baseline; color: #000000; text-shadow: none; background: none;\">Une <\/span><span dir=\"LTR\" style=\"font-family: Arial; font-size: 12pt; vertical-align: baseline; font-weight: bold; color: #000000; text-shadow: none; background: none;\"><b>Association pour le Maintien d\u2019une Agriculture Paysanne<\/b><\/span><span dir=\"LTR\" style=\"font-family: Arial; font-size: 12pt; vertical-align: baseline; color: #000000; text-shadow: none; background: none;\"> a pour objectif de pr\u00e9server les fermes de proximit\u00e9 dans une logique d\u2019agriculture durable, d&rsquo;\u00e9tablir un commerce \u00e9quitable entre agriculteurs et consommateurs, de responsabiliser les consommateurs \u00e0 travers un engagement citoyen et solidaire.<\/span><\/p>\n<p style=\"line-height: 100%; text-indent: 0pt; text-align: justify; margin: 0pt;\" align=\"justify\"><span dir=\"LTR\" style=\"font-family: Arial; font-size: 12pt; vertical-align: baseline; color: #000000; text-shadow: none; background: none;\">Pour les adh\u00e9rents, c&rsquo;est une possiblit\u00e9 d&rsquo;acc\u00e9der \u00e0 des produits<\/span><span dir=\"LTR\" style=\"font-family: Arial; font-size: 12pt; vertical-align: baseline; font-weight: bold; color: #000000; text-shadow: none; background: none;\"><b> frais, locaux<\/b><\/span><span dir=\"LTR\" style=\"font-family: Arial; font-size: 12pt; vertical-align: baseline; color: #000000; text-shadow: none; background: none;\">, de <\/span><span dir=\"LTR\" style=\"font-family: Arial; font-size: 12pt; vertical-align: baseline; font-weight: bold; color: #000000; text-shadow: none; background: none;\"><b>qualit\u00e9<\/b><\/span><span dir=\"LTR\" style=\"font-family: Arial; font-size: 12pt; vertical-align: baseline; color: #000000; text-shadow: none; background: none;\">, diversifi\u00e9s, issus d&rsquo;une agriculture respectuseuse de l&rsquo;environnement, <\/span><span dir=\"LTR\" style=\"font-family: Arial; font-size: 12pt; vertical-align: baseline; font-weight: bold; color: #000000; text-shadow: none; background: none;\"><b>biologique<\/b><\/span><span dir=\"LTR\" style=\"font-family: Arial; font-size: 12pt; vertical-align: baseline; color: #000000; text-shadow: none; background: none;\">, sans pesticides ni OGM, dans le respect de la charte des AMAP.<\/span><\/p>\n<p style=\"line-height: 100%; text-indent: 0pt; text-align: justify; margin: 0pt;\" align=\"justify\"><span dir=\"LTR\" style=\"font-family: Arial; font-size: 12pt; vertical-align: baseline; color: #000000; text-shadow: none; background: none;\">Les AMAP sont aujourd\u2019hui pratiquement pr\u00e9sentes partout en France. On en d\u00e9nombre en 2012 plus de 1600.<\/span><\/p>\n<p style=\"line-height: 100%; text-indent: 0pt; text-align: justify; margin: 0pt;\" align=\"justify\"><span dir=\"LTR\" style=\"font-family: Arial; font-size: 12pt; vertical-align: baseline; color: #000000; text-shadow: none; background: none;\">Cela repr\u00e9sente <\/span><span dir=\"LTR\" style=\"font-family: Arial; font-size: 12pt; vertical-align: baseline; font-weight: bold; color: #000000; text-shadow: none; background: none;\"><b>plus de 50 000 familles et pr\u00e8s de 200 000 consommateurs<\/b><\/span><span dir=\"LTR\" style=\"font-family: Arial; font-size: 12pt; vertical-align: baseline; color: #000000; text-shadow: none; background: none;\">.<\/span><\/p>\n<p style=\"line-height: 100%; text-indent: 0pt; text-align: justify; margin: 0pt;\" align=\"justify\"><span dir=\"LTR\" style=\"font-family: Arial; font-size: 12pt; vertical-align: baseline; font-weight: bold; color: #000000; text-shadow: none; background: none;\"><b>L&rsquo;amap d&rsquo;Athis-Mons est n\u00e9e en 2009<\/b><\/span><span dir=\"LTR\" style=\"font-family: Arial; font-size: 12pt; vertical-align: baseline; color: #000000; text-shadow: none; background: none;\">. <\/span><span dir=\"LTR\" style=\"font-family: Arial; font-size: 12pt; vertical-align: baseline; font-weight: bold; color: #3366ff; text-shadow: none; background: none;\"><b>Elle r\u00e9unit aujourd&rsquo;hui une soixantaine de familles<\/b><\/span><span dir=\"LTR\" style=\"font-family: Arial; font-size: 12pt; vertical-align: baseline; color: #000000; text-shadow: none; background: none;\"> du Val et d&rsquo;ailleurs, en partenariat avec une<\/span><\/p>\n<p style=\"line-height: 100%; text-indent: 0pt; text-align: justify; margin: 0pt;\" align=\"justify\"><span dir=\"LTR\" style=\"font-family: Arial; font-size: 12pt; vertical-align: baseline; color: #000000; text-shadow: none; background: none;\">mara\u00eech\u00e8re, Murielle Le Bihan, et plusieurs producteurs de la r\u00e9gion. <\/span><\/p>\n<p style=\"line-height: 100%; text-indent: 0pt; text-align: justify; margin: 0pt;\" align=\"justify\"><span dir=\"LTR\" style=\"font-family: Arial; font-size: 12pt; vertical-align: baseline; font-weight: bold; color: #000000; text-shadow: none; background: none;\"><b>Un engagement r\u00e9ciproque<\/b><\/span><\/p>\n<p style=\"line-height: 100%; text-indent: 0pt; text-align: justify; margin: 0pt;\" align=\"justify\"><span dir=\"LTR\" style=\"font-family: Arial; font-size: 12pt; vertical-align: baseline; color: #000000; text-shadow: none; background: none;\">Une fois votre contrat sign\u00e9\u00a0en direct avec le producteur, celui-ci s\u2019engage \u00e0 vous fournir r\u00e9guli\u00e8rement une certaine quantit\u00e9 de produits.<\/span><\/p>\n<p style=\"line-height: 100%; text-indent: 0pt; text-align: justify; margin: 0pt;\" align=\"justify\"><span dir=\"LTR\" style=\"font-family: Arial; font-size: 12pt; vertical-align: baseline; color: #000000; text-shadow: none; background: none;\">De votre c\u00f4t\u00e9, il vous appartient de :<\/span><\/p>\n<p style=\"line-height: 100%; text-indent: 0pt; text-align: justify; margin: 0pt;\" align=\"justify\"><span dir=\"LTR\" style=\"font-family: Arial; font-size: 12pt; vertical-align: baseline; color: #000000; text-shadow: none; background: none;\">&gt; payer \u00e0 l\u2019avance votre part de la r\u00e9colte, autrement dit accepter de partager avec\u00a0votre\u00a0producteur les caprices et les bienfaits\u00a0de la nature.<\/span><\/p>\n<p style=\"line-height: 100%; text-indent: 0pt; text-align: justify; margin: 0pt;\" align=\"justify\"><span dir=\"LTR\" style=\"font-family: Arial; font-size: 12pt; vertical-align: baseline; color: #000000; text-shadow: none; background: none;\">&gt; r\u00e9cup\u00e9rer votre panier lors des distributions.<\/span><\/p>\n<p style=\"line-height: 100%; text-indent: 0pt; text-align: justify; margin: 0pt;\" align=\"justify\"><span dir=\"LTR\" style=\"font-family: Arial; font-size: 12pt; vertical-align: baseline; color: #000000; text-shadow: none; background: none;\">&gt; participer r\u00e9guli\u00e8rement dans la saison \u00e0 une distribution.<\/span><\/p>\n<p style=\"line-height: 100%; text-indent: 0pt; text-align: justify; margin: 0pt;\" align=\"justify\"><span dir=\"LTR\" style=\"font-family: Arial; font-size: 12pt; vertical-align: baseline; color: #000000; text-shadow: none; background: none;\">Venez nous rencontrer lors d\u2019une prochaine livraison ou contactez-nous par mail : <\/span><span dir=\"LTR\" style=\"font-family: Arial; font-size: 12pt; vertical-align: baseline; font-style: italic; color: #000000; text-shadow: none; background: none;\"><i>amapathismons@hotmail.fr<\/i><\/span><\/p>\n\n\n<p class=\"wp-block-paragraph\"><\/p>\n","protected":false},"excerpt":{"rendered":"<p>Les AMAP Une Association pour le Maintien d\u2019une Agriculture Paysanne a pour objectif de pr\u00e9server les fermes de proximit\u00e9 dans une logique d\u2019agriculture durable, d&rsquo;\u00e9tablir un commerce \u00e9quitable entre agriculteurs et consommateurs, de responsabiliser les consommateurs \u00e0 travers un engagement citoyen et solidaire. Pour les adh\u00e9rents, c&rsquo;est une possiblit\u00e9 d&rsquo;acc\u00e9der \u00e0 des produits frais, locaux, &hellip; <a href=\"https:\/\/www.amapathismons.fr\/?page_id=47\" class=\"more-link\">Continuer la lecture de <span class=\"screen-reader-text\">L&rsquo;association<\/span> <span class=\"meta-nav\">&rarr;<\/span><\/a><\/p>\n","protected":false},"author":17,"featured_media":0,"parent":0,"menu_order":1,"comment_status":"closed","ping_status":"closed","template":"","meta":{"_crdt_document":"","footnotes":""},"class_list":["post-47","page","type-page","status-publish","hentry"],"_links":{"self":[{"href":"https:\/\/www.amapathismons.fr\/index.php?rest_route=\/wp\/v2\/pages\/47","targetHints":{"allow":["GET"]}}],"collection":[{"href":"https:\/\/www.amapathismons.fr\/index.php?rest_route=\/wp\/v2\/pages"}],"about":[{"href":"https:\/\/www.amapathismons.fr\/index.php?rest_route=\/wp\/v2\/types\/page"}],"author":[{"embeddable":true,"href":"https:\/\/www.amapathismons.fr\/index.php?rest_route=\/wp\/v2\/users\/17"}],"replies":[{"embeddable":true,"href":"https:\/\/www.amapathismons.fr\/index.php?rest_route=%2Fwp%2Fv2%2Fcomments&post=47"}],"version-history":[{"count":17,"href":"https:\/\/www.amapathismons.fr\/index.php?rest_route=\/wp\/v2\/pages\/47\/revisions"}],"predecessor-version":[{"id":3521,"href":"https:\/\/www.amapathismons.fr\/index.php?rest_route=\/wp\/v2\/pages\/47\/revisions\/3521"}],"wp:attachment":[{"href":"https:\/\/www.amapathismons.fr\/index.php?rest_route=%2Fwp%2Fv2%2Fmedia&parent=47"}],"curies":[{"name":"wp","href":"https:\/\/api.w.org\/{rel}","templated":true}]}}

<p style="line-height: 100%; text-indent: 0pt; text-align: justify; margin: 0pt;" align="justify"><span dir="LTR" style="font-family: Arial; font-size: 12pt; vertical-align: baseline; font-weight: bold; color: #000000; text-shadow: none; background: none;"><b>Les AMAP</b></span></p>
<p style="line-height: 100%; text-indent: 0pt; text-align: justify; margin: 0pt;" align="justify"><span dir="LTR" style="font-family: Arial; font-size: 12pt; vertical-align: baseline; color: #000000; text-shadow: none; background: none;">Une </span><span dir="LTR" style="font-family: Arial; font-size: 12pt; vertical-align: baseline; font-weight: bold; color: #000000; text-shadow: none; background: none;"><b>Association pour le Maintien d’une Agriculture Paysanne</b></span><span dir="LTR" style="font-family: Arial; font-size: 12pt; vertical-align: baseline; color: #000000; text-shadow: none; background: none;"> a pour objectif de préserver les fermes de proximité dans une logique d’agriculture durable, d&rsquo;établir un commerce équitable entre agriculteurs et consommateurs, de responsabiliser les consommateurs à travers un engagement citoyen et solidaire.</span></p>
<p style="line-height: 100%; text-indent: 0pt; text-align: justify; margin: 0pt;" align="justify"><span dir="LTR" style="font-family: Arial; font-size: 12pt; vertical-align: baseline; color: #000000; text-shadow: none; background: none;">Pour les adhérents, c&rsquo;est une possiblité d&rsquo;accéder à des produits</span><span dir="LTR" style="font-family: Arial; font-size: 12pt; vertical-align: baseline; font-weight: bold; color: #000000; text-shadow: none; background: none;"><b> frais, locaux</b></span><span dir="LTR" style="font-family: Arial; font-size: 12pt; vertical-align: baseline; color: #000000; text-shadow: none; background: none;">, de </span><span dir="LTR" style="font-family: Arial; font-size: 12pt; vertical-align: baseline; font-weight: bold; color: #000000; text-shadow: none; background: none;"><b>qualité</b></span><span dir="LTR" style="font-family: Arial; font-size: 12pt; vertical-align: baseline; color: #000000; text-shadow: none; background: none;">, diversifiés, issus d&rsquo;une agriculture respectuseuse de l&rsquo;environnement, </span><span dir="LTR" style="font-family: Arial; font-size: 12pt; vertical-align: baseline; font-weight: bold; color: #000000; text-shadow: none; background: none;"><b>biologique</b></span><span dir="LTR" style="font-family: Arial; font-size: 12pt; vertical-align: baseline; color: #000000; text-shadow: none; background: none;">, sans pesticides ni OGM, dans le respect de la charte des AMAP.</span></p>
<p style="line-height: 100%; text-indent: 0pt; text-align: justify; margin: 0pt;" align="justify"><span dir="LTR" style="font-family: Arial; font-size: 12pt; vertical-align: baseline; color: #000000; text-shadow: none; background: none;">Les AMAP sont aujourd’hui pratiquement présentes partout en France. On en dénombre en 2012 plus de 1600.</span></p>
<p style="line-height: 100%; text-indent: 0pt; text-align: justify; margin: 0pt;" align="justify"><span dir="LTR" style="font-family: Arial; font-size: 12pt; vertical-align: baseline; color: #000000; text-shadow: none; background: none;">Cela représente </span><span dir="LTR" style="font-family: Arial; font-size: 12pt; vertical-align: baseline; font-weight: bold; color: #000000; text-shadow: none; background: none;"><b>plus de 50 000 familles et près de 200 000 consommateurs</b></span><span dir="LTR" style="font-family: Arial; font-size: 12pt; vertical-align: baseline; color: #000000; text-shadow: none; background: none;">.</span></p>
<p style="line-height: 100%; text-indent: 0pt; text-align: justify; margin: 0pt;" align="justify"><span dir="LTR" style="font-family: Arial; font-size: 12pt; vertical-align: baseline; font-weight: bold; color: #000000; text-shadow: none; background: none;"><b>L&rsquo;amap d&rsquo;Athis-Mons est née en 2009</b></span><span dir="LTR" style="font-family: Arial; font-size: 12pt; vertical-align: baseline; color: #000000; text-shadow: none; background: none;">. </span><span dir="LTR" style="font-family: Arial; font-size: 12pt; vertical-align: baseline; font-weight: bold; color: #3366ff; text-shadow: none; background: none;"><b>Elle réunit aujourd&rsquo;hui une soixantaine de familles</b></span><span dir="LTR" style="font-family: Arial; font-size: 12pt; vertical-align: baseline; color: #000000; text-shadow: none; background: none;"> du Val et d&rsquo;ailleurs, en partenariat avec une</span></p>
<p style="line-height: 100%; text-indent: 0pt; text-align: justify; margin: 0pt;" align="justify"><span dir="LTR" style="font-family: Arial; font-size: 12pt; vertical-align: baseline; color: #000000; text-shadow: none; background: none;">maraîchère, Murielle Le Bihan, et plusieurs producteurs de la région. </span></p>
<p style="line-height: 100%; text-indent: 0pt; text-align: justify; margin: 0pt;" align="justify"><span dir="LTR" style="font-family: Arial; font-size: 12pt; vertical-align: baseline; font-weight: bold; color: #000000; text-shadow: none; background: none;"><b>Un engagement réciproque</b></span></p>
<p style="line-height: 100%; text-indent: 0pt; text-align: justify; margin: 0pt;" align="justify"><span dir="LTR" style="font-family: Arial; font-size: 12pt; vertical-align: baseline; color: #000000; text-shadow: none; background: none;">Une fois votre contrat signé en direct avec le producteur, celui-ci s’engage à vous fournir régulièrement une certaine quantité de produits.</span></p>
<p style="line-height: 100%; text-indent: 0pt; text-align: justify; margin: 0pt;" align="justify"><span dir="LTR" style="font-family: Arial; font-size: 12pt; vertical-align: baseline; color: #000000; text-shadow: none; background: none;">De votre côté, il vous appartient de :</span></p>
<p style="line-height: 100%; text-indent: 0pt; text-align: justify; margin: 0pt;" align="justify"><span dir="LTR" style="font-family: Arial; font-size: 12pt; vertical-align: baseline; color: #000000; text-shadow: none; background: none;">&gt; payer à l’avance votre part de la récolte, autrement dit accepter de partager avec votre producteur les caprices et les bienfaits de la nature.</span></p>
<p style="line-height: 100%; text-indent: 0pt; text-align: justify; margin: 0pt;" align="justify"><span dir="LTR" style="font-family: Arial; font-size: 12pt; vertical-align: baseline; color: #000000; text-shadow: none; background: none;">&gt; récupérer votre panier lors des distributions.</span></p>
<p style="line-height: 100%; text-indent: 0pt; text-align: justify; margin: 0pt;" align="justify"><span dir="LTR" style="font-family: Arial; font-size: 12pt; vertical-align: baseline; color: #000000; text-shadow: none; background: none;">&gt; participer régulièrement dans la saison à une distribution.</span></p>
<p style="line-height: 100%; text-indent: 0pt; text-align: justify; margin: 0pt;" align="justify"><span dir="LTR" style="font-family: Arial; font-size: 12pt; vertical-align: baseline; color: #000000; text-shadow: none; background: none;">Venez nous rencontrer lors d’une prochaine livraison ou contactez-nous par mail : </span><span dir="LTR" style="font-family: Arial; font-size: 12pt; vertical-align: baseline; font-style: italic; color: #000000; text-shadow: none; background: none;"><i>amapathismons@hotmail.fr</i></span></p>


<p class="wp-block-paragraph"></p>

<p>Les AMAP Une Association pour le Maintien d’une Agriculture Paysanne a pour objectif de préserver les fermes de proximité dans une logique d’agriculture durable, d&rsquo;établir un commerce équitable entre agriculteurs et consommateurs, de responsabiliser les consommateurs à travers un engagement citoyen et solidaire. Pour les adhérents, c&rsquo;est une possiblité d&rsquo;accéder à des produits frais, locaux, &hellip; <a href="https://www.amapathismons.fr/?page_id=47" class="more-link">Continuer la lecture de <span class="screen-reader-text">L&rsquo;association</span> <span class="meta-nav">&rarr;</span></a></p>
